3 is divided by a.
25
Let r = -5 + 8. Let v(w) = 4*w**2 + 2*w - 1. Let j be v(1). Let a = -4 + j. What is the remainder when r is divided by a?
0
Suppose 5*a - 76 = -56. What is the remainder when 6 is divided by a?
2
Let v(z) = -7*z - 3. Let t(j) = -j + 4. Let p be t(6). Calculate the remainder when 20 is divided by v(p).
9
Let o = 6 - 6. Suppose o = i - 7 + 2. Let y = -3 + 6. Calculate the remainder when i is divided by y.
2
Let a be (0 - -1)*(115 + 7). Suppose a = 5*x + 7. Suppose 12 = 3*r - 3*k, -r = -3*k + 2 + 2. What is the remainder when x is divided by r?
7
Let j = -16 - -51. Calculate the remainder when 138 is divided by j.
33
Let g(j) = -25*j + 6. Let n be g(-3). Suppose -h + 5*m = -n, 5*h - 470 = -2*m - 119. What is the remainder when h is divided by 18?
17
Let j(v) = 3*v**2 + v + 1. Let a be j(-1). Suppose a*k - 5*l - 44 = 0, 5*k + 3*l = -0*l + 96. What is the remainder when 35 is divided by k?
17
Suppose -2 + 94 = 4*y. Suppose -5*q - 4*l + 82 = 30, -3*q + 38 = -l. What is the remainder when y is divided by q?
11
Suppose l = -5*j + 31, -5*l + j = -8 - 17. Calculate the remainder when 15 is divided by l.
3
Suppose w = 8 + 5. What is the remainder when 51 is divided by w?
12
Let r(z) = z**3 + 8*z**2 - z + 8. Calculate the remainder when 47 is divided by r(-8).
15
Suppose 5*c - 275 = 40. Let l = -37 + c. Suppose 3*o - o - l = 0. Calculate the remainder when 25 is divided by o.
12
Suppose 6 = -4*j + 5*v - 35, -3*j - 3*v - 24 = 0. Calculate the remainder when 28 is divided by 3 - (2 + 0) - j.
8
Let n = 5 - -16. Let x be (-6)/(-21) + 36/n. Calculate the remainder when 13 is divided by 36/5 - x/10.
6
Let m = -27 - -52. What is the remainder when m is divided by 13?
12
Suppose 4*l - 29 = 27. Suppose 0*x + 52 = 2*x. Calculate the remainder when x is divided by l.
12
What is the remainder when 24 is divided by 2 + 4 + 3/(-1 - 2)?
4
Let a(q) be the second derivative of -7*q**3/6 - q**2/2 - 3*q. Let w be a(7). Calculate the remainder when (w/(5 + -3))/(-1) is divided by 9.
7
Let j(m) = m**2 - 5*m + 3. Let v be j(5). Suppose v = -0*f + 3*f. Calculate the remainder when (133/(-21))/(f/(-3)) is divided by 10.
9
Suppose z + 4*c - 12 = 10, 15 = -3*c. Suppose 0 = -r + 6*q - 2*q + 28, -5*r - 4*q = -44. Calculate the remainder when z/(0 + 2) - -1 is divided by r.
10
Let m = -7 - -12. Suppose -3*j - j - 10 = -m*a, -5*j + 10 = 5*a. Calculate the remainder when 4 is divided by a.
0
Let h be ((-2)/3)/(8/(-60)). Suppose 2*a + 18 = -h*o + 61, -5*o + 57 = 3*a. What is the remainder when 40 is divided by a?
12
Let m be 0*(-1 + 2) - -7. Let q(c) = -m*c - 14*c + 4*c. What is the remainder when q(-2) is divided by 12?
10
Let b(a) = a**2 - 3*a + 4. Let v(o) = -o**2 + o - 1. Let q(k) = -b(k) - 4*v(k). Let h(x) = x - 2. What is the remainder when q(-2) is divided by h(7)?
4
Let p(g) = 2*g**2 - 5*g + 3. Let o(l) = -l**2 - 6*l. Let j be o(-5). Suppose n = j + 5. What is the remainder when n is divided by p(3)?
4
Suppose 155 = 2*s - 21. Suppose -5*z + 3*z + s = 0. Calculate the remainder when z is divided by 15.
14
Suppose 5*j - 63 = 4*z, -j + 51 = 4*j + 2*z. What is the remainder when j is divided by 2?
1
What is the remainder when 12/(-2)*520/(-16) is divided by 33?
30
Let u be 34/(-1 + 0 + 2). Let j = u + 1. Suppose 0 = -5*s - 33 + 93. What is the remainder when j is divided by s?
11
Let o(p) = -p**2 + 14*p - 3. Suppose 0 = -s - 0 + 171. Let w = s - 110. Calculate the remainder when w is divided by o(12).
19
Suppose 2*j + 2*h = 12, 3*j + 2*h - h - 18 = 0. What is the remainder when j is divided by 2?
0
Suppose 0 = -6*u + 213 - 45. Calculate the remainder when 54 is divided by u.
26
Suppose 2 + 7 = 3*q. Suppose 8*i - 60 = q*i. Suppose 5*c + 0*c = -4*j + 112, 5*j - 3*c - 103 = 0. What is the remainder when j is divided by i?
11
Suppose 0 = -3*r + 4*r + y - 14, -2*r + 40 = -2*y. Let s = 7 - 2. What is the remainder when r is divided by s?
2
Let u = 192 - 168. What is the remainder when u is divided by 13?
11
Let q = 10 + -6. Suppose -4*z - 36 = q. Calculate the remainder when 47 is divided by (48/15)/((-2)/z).
15
Suppose -121 - 39 = -4*n. What is the remainder when n is divided by 6?
4
Let f(v) be the first derivative of v**3/3 - 3*v**2/2 + 5*v - 5. What is the remainder when 57 is divided by f(5)?
12
Let c(h) = 2*h**3 - 5*h**2 - 5*h + 8. Let v(i) = -i**3 - 3*i**2 + 8*i + 3. Calculate the remainder when c(4) is divided by v(-5).
10
Suppose 3*f = -2*f - 60. Let m = 7 - 4. Calculate the remainder when f/(-6) + (1 - -4) is divided by m.
1
Let d(m) = -m - 2. Let h be d(-8). Suppose 0 = -4*p + p + 3*r + 24, -h = 3*r. What is the remainder when 11 is divided by p?
5
Let z(s) = s**2 - 2*s - 1. Let u be z(3). Suppose 18 + u = 4*g. Let i(o) = -3*o + 127. Calculate the remainder when i(38) is divided by g.
3
Suppose -2*d + 30 = 4*d. Suppose -5*b + 145 = d*z, -5*z + 0*z - 5 = 0. Calculate the remainder when b is divided by 16.
14
Suppose 0 = -2*b - 16 - 8. Let c(w) = w**3 + 13*w**2 + 12*w + 12. What is the remainder when 22 is divided by c(b)?
10
Let l = 3 - -1. Let w(n) = 6*n - 8 + 1 + 10. What is the remainder when w(l) is divided by 14?
13
Let l = -5 + 5. Suppose n = -5*v + 3*n + 22, v + 4*n = l. Suppose -9 = -3*y + 12. What is the remainder when y is divided by v?
3
Suppose -5*d - 4*r + 0*r = -70, -5*r - 25 = -5*d. Let i be -3*4*5/(-30). Let l = i + d. What is the remainder when l is divided by 7?
5
Calculate the remainder when 4 is divided by ((-4)/(-6))/(42/(-54) - -1).
1
Suppose -5*p - 60 = -210. Calculate the remainder when p is divided by 8.
6
Let d be (8/(-5))/(4/(-40)). Let t = d - 11. What is the remainder when 13 is divided by t?
3
Suppose 10 = -4*q + 38. What is the remainder when 12 is divided by q?
5
Let x = 5 - 1. Suppose 0 = g - x*p - 12, 3*p - 3 = 6*p. Calculate the remainder when g is divided by 3.
2
Let n(a) = -a**3 + 17*a**2 + 17*a + 34. Calculate the remainder when 78 is divided by n(18).
14
Let m(y) = -2*y - 10. Let f(v) = -v**2 - 5*v - 1. Suppose 0*l + 2*l + 12 = 0. Let r be f(l). What is the remainder when m(r) is divided by 2?
0
Calculate the remainder when 83 is divided by 10/(-60) + 254/12.
20
Let v(c) = -c**3 - 3*c**2 + 4*c + 3. Let o be v(-2). Let a = o + 13. Calculate the remainder when 14 is divided by a.
2
Calculate the remainder when -4 + 11 - 2/(-2) is divided by (-2 + 3)*-1*-3.
2
Suppose -5*d = -5*s + 10*s - 245, 239 = 5*s + 3*d. Let f = -22 - -38. What is the remainder when s is divided by f?
14
Suppose 0 = r + 4*i + 6, 2*r - 5*i = 5*r - 10. Let o = r - 6. Suppose -2*g = -o*c - 2, -5*g - c + 0*c + 60 = 0. What is the remainder when g is divided by 6?
5
Suppose -3 = -3*a + 9. Suppose 5*y - a = 16. Suppose 2*v - 13 = -q + 2*q, -v - 5*q + 1 = 0. What is the remainder when v is divided by y?
2
Suppose -j = 11*j - 372. What is the remainder when j is divided by 11?
9
Let o(d) = -d**3 + 2*d**2 + 3*d + 4. Let r be o(3). Suppose -4*j - x = -210, -j + 6*x = r*x - 57. What is the remainder when j is divided by 14?
11
Let a(q) = -2*q**3 - 2*q**2 - 2*q - 1. Let r be 6*(-1)/((-6)/4). Suppose 4*y - 6 = z - 6*z, 2*z - 8 = r*y. Calculate the remainder when z is divided by a(-1).
0
Let u(s) = -3*s**2 + 2*s + 3. Let t be u(3). Let d = t + -34. Let f = -26 - d. Calculate the remainder when f is divided by 14.
12
Suppose 0 = 4*c - 1 - 7. What is the remainder when 4/(-2)*6/(-4) is divided by c?
1
Suppose 0*z = 3*z - 15. Let u = 1 + 2. Calculate the remainder when 33/z - (-6)/15 is divided by u.
1
Suppose 4*u = -2*j + 162, -j = -0*j + 4*u - 79. Calculate the remainder when j is divided by 21.
20
Suppose k = -4*k + 30. Suppose 0 = -2*p - 4*o + 8 + 4, -4*p = 3*o - 14. Suppose 0 = p*w + k - 102. What is the remainder when w is divided by 25?
23
Suppose 0 = r + 2*r - 9. Suppose -r*o + 26 - 1 = x, -3*x = o - 3. What is the remainder when o is divided by 4?
1
Let k(o) = 2*o**2 + o + 10. What is the remainder when k(-5) is divided by 32?
23
Let v = -36 + 58. Calculate the remainder when v is divided by 8.
6
Let x = 92 + -56. Let z be 1*3/(9/177). Suppose -36 = -5*u + z. Calculate the remainder when x is divided by u.
17
Let h = 13 + -9. Suppose h*k - 2*a = 232, 0 = -0*k - 3*k - 4*a + 152. What is the remainder when k is divided by 152/(72/(-9))*(-1)/1?
18
Suppose 